. List the prime factors of n(h).
2
Suppose -4*y + 191 = 2*t - 5, t - 4 = 0. Suppose 0 = o - 0*o - y. Let x = o - 33. List the prime factors of x.
2, 7
Suppose 0 = 2*u - g - g - 22, -3*u = 5*g - 41. What are the prime factors of u?
2, 3
Suppose 0 = -6*w + w + 155. Let j = w + -61. What are the prime factors of j/(-5)*(-3)/(-2)?
3
Suppose -4*x + 1 = 3*k, -4*k - 10 + 3 = -3*x. Let z(v) = 46*v**2 + v - 1. What are the prime factors of z(x)?
2, 23
Let d = -17 - -22. Let o(b) = -19*b - 1. Let q be o(-1). What are the prime factors of (q/10 + -1)*d?
2
Let b be (-3)/(-6)*(1 + -1). Suppose 2*f - 84 = -b*f. What are the prime factors of f?
2, 3, 7
Suppose 3*g - 254 - 190 = 0. List the prime factors of g.
2, 37
Let l = 369 - 237. What are the prime factors of l?
2, 3, 11
Let c(m) = -7*m**3 + m**2. Let f be c(-1). Suppose -104 = 4*p - f*p. List the prime factors of p.
2, 13
Let b(l) = l. Let h be b(3). Suppose 0*q - 24 = -h*q. List the prime factors of q.
2
Suppose -o - 4*t = -19, -o + 0*t - t = -7. Let u be 6/o*-7 + 2. Let n = u - -17. List the prime factors of n.
5
Let f = 401 + -138. Let a = f - 139. List the prime factors of a/16 + (-2)/(-8).
2
Suppose -4*q + u - 4 = -17, 3*q - 5*u = -3. Let d = q - -3. Suppose 3*v = -2*h + h + 7, d = 5*v - 3*h. List the prime factors of v.
2
List the prime factors of 99*(-3 - (-6 - (-2 + 0))).
3, 11
Suppose 9*p = 1195 + 191. List the prime factors of p.
2, 7, 11
Suppose 0 = -8*o + 3*o + 1035. List the prime factors of o.
3, 23
Suppose -7*m + 6*m = -25. What are the prime factors of m?
5
Let f be 10/2 + 15/(-5). Suppose x - 15 = -f*x. Suppose 0 = -2*y - 4*c + 16, x*y + 0*c + 4*c = 46. What are the prime factors of y?
2, 5
Suppose 0 = -3*h - h - 20. Let d = h - -4. Let u(g) = -13*g**3 - 1. What are the prime factors of u(d)?
2, 3
Suppose 0 = -p - 4*p + 10. Suppose -p*w - 18 = -3*w. List the prime factors of w.
2, 3
Let k(o) = -o**2 - 5*o - 1. What are the prime factors of k(-3)?
5
Suppose 0 = -c - 1 + 3. Let g be 3 - 5 - 0 - -3. Suppose -c*p + 4*w + g = -7, -2*p - 2*w = -20. List the prime factors of p.
2
Suppose -6*v = -2*v - 40. List the prime factors of (18/(-5))/(v/(-25)).
3
Let a = 258 + 35. What are the prime factors of a?
293
Let q(j) = -j**3 - 5*j**2 - 7*j - 4. What are the prime factors of q(-4)?
2
Suppose 4*z + 2*u - 4 = -u, -5*z + 2*u = -28. Suppose z = 5*k - 3*k. Let d = 10 + k. What are the prime factors of d?
2, 3
What are the prime factors of 8/(-16) + 279/6?
2, 23
Let f = 13 - 7. Let s be (2 + 5)*f/21. Suppose -s*g = 3*o + 4, 2*g = -g + o + 16. What are the prime factors of g?
2
Let c(v) = 3*v**2 + 9*v + 6. What are the prime factors of c(-8)?
2, 3, 7
Let t be ((-6)/(-4))/(9/42). Let s = t - 7. Suppose s = 3*f - 11 - 37. List the prime factors of f.
2
Let c(a) = -29*a**3 - 2*a**2 + 1. List the prime factors of c(-1).
2, 7
Let i(a) = 176*a - 1. Let z be i(1). Let f be z/3 + 8/(-24). Suppose 7 = 5*l - f. What are the prime factors of l?
13
Let l be (-19)/(-7) + (-2)/(-7). Suppose l*m = 4*m - 57. What are the prime factors of m?
3, 19
Let s(y) = -y**2 - y + 13. Let w be s(6). Let d = 48 + w. List the prime factors of d.
19
List the prime factors of (-3)/((16/(-130))/8).
3, 5, 13
Suppose -4*f + 1 + 7 = 0. Suppose -f*z + 5*p + 23 = -z, 0 = 3*z - 5*p - 89. What are the prime factors of z?
3, 11
Let g(l) = 2*l - 4. Let m(k) = -6*k + 12. Let f(c) = 17*g(c) + 6*m(c). Let z be f(-7). Let o = z + 5. What are the prime factors of o?
23
Suppose 5*u + 3*k = 261, -4*k - 231 = -4*u + k. What are the prime factors of u?
2, 3
Let l = 7 - -3. List the prime factors of (-114)/(-30) + 2/l.
2
List the prime factors of -6 + 29 + 2/(-1).
3, 7
What are the prime factors of (110/(-7))/(17/(-119))?
2, 5, 11
Let d(q) = -q**3 - 6*q**2 - 9*q - 3. What are the prime factors of d(-7)?
109
Suppose p - 20 - 3 = 0. Let u = -12 + p. List the prime factors of u.
11
Let n(f) = f**3 - f**2 - f - 1. Let r be n(-1). Let x be ((-5)/(-10))/(r/(-188)). Let w = -26 + x. List the prime factors of w.
3, 7
Suppose -2*i + 130 - 26 = 0. What are the prime factors of i?
2, 13
Suppose -2470 = -10*p + 470. List the prime factors of p.
2, 3, 7
Let w be (-7*(0 + 1))/(-1). Let i = 12 - w. List the prime factors of i.
5
Let r(c) = c**2 - 4*c - 6. Suppose -19 = -4*g + 5. Let y be r(g). Let n = y + -4. What are the prime factors of n?
2
Let z be 0 - (1 + -1)/3. Suppose z = 5*a - 16 - 14. List the prime factors of a.
2, 3
Suppose 11 + 4 = 5*c. Let l be 4/c*9/2. Suppose 2*s - l - 2 = j, s = j + 3. What are the prime factors of j?
2
Let i(r) = 54*r + 21. What are the prime factors of i(4)?
3, 79
Let s(a) = -a**3 - 9*a**2 - 5*a + 7. Let j be s(-8). Let o = j + 38. What are the prime factors of o?
3, 7
Let d(v) = 1 + 12*v - 2*v - v**2 - 6. Let i be d(8). Let o = i - 7. What are the prime factors of o?
2
Let y = -29 + -8. Let d = 21 + y. What are the prime factors of d/(-40) - (-106)/10?
11
Let g = 135 - 98. What are the prime factors of g?
37
Suppose 11*p + 600 = 23*p. What are the prime factors of p?
2, 5
Let z(r) be the first derivative of -2*r + 1/2*r**2 - 1/4*r**4 + 1/3*r**3 - 2. List the prime factors of z(-2).
2
Suppose 664 = 5*u + 99. What are the prime factors of u?
113
Let g(f) = -10*f + 2. Let x be g(3). What are the prime factors of (x/6)/(2/(-6))?
2, 7
Let b(h) = h**3 + 10*h**2 + 8*h + 3. What are the prime factors of b(-6)?
3, 11
Let g = -5 + -11. What are the prime factors of 9/3 - (g + 1)?
2, 3
Let f(k) = -k**3 + 2*k**2 + 2*k + 52. What are the prime factors of f(0)?
2, 13
Suppose -29 = -2*m + 5*p + 59, 5*m - 2*p - 220 = 0. List the prime factors of m.
2, 11
Suppose -3*f - 224 = -7*f. What are the prime factors of f?
2, 7
Suppose 2*n + 3*n = -15, 0 = s + 5*n + 3. Let y(i) = 0 - 3 - 5*i**2 - 6*i + s + i**3. List the prime factors of y(6).
3
Suppose 3*x - 3*d = -0*d + 75, -3*x = 4*d - 96. List the prime factors of x.
2, 7
Let m(q) be the second derivative of q**5/20 + q**4/12 + 5*q**2 + q. List the prime factors of m(0).
2, 5
Let k be (6/5)/((-33)/(-110)). Let a = 13 - k. What are the prime factors of a?
3
Let z(v) = -v**2 + 8*v - 9. Let n be z(6). Suppose -n*p + 12 = -k, 3*p + 0*p = 2*k + 18. Let g = 4 - k. What are the prime factors of g?
2, 5
Suppose 19 = 2*z - 21. List the prime factors of z.
2, 5
What are the prime factors of 4 - (3 + -71) - 4?
2, 17
Let r be (-16)/(-10)*10/4. Suppose 0 = f + c + 20, -3*f - 3*c + 4 = -r*f. Let j = 23 + f. List the prime factors of j.
7
Let q(i) = -i - 1. Let k(x) = -x - 2. Let b(s) = -4*k(s) + 3*q(s). List the prime factors of b(10).
3, 5
Let s be (0 + 1)*(-3 - -1). Let d(f) = -f**3 - 2*f**2 + 3. What are the prime factors of d(s)?
3
Suppose 0 = -0*s + 5*s - 20. Suppose s*k = 3*k + 19. Let u = k - 9. List the prime factors of u.
2, 5
What are the prime factors of (-12)/(-7) + 6/21?
2
Let w(j) = -3*j - 2. Let x(z) = -z**3 + 2*z**2 + 3*z - 3. Let g be x(3). Let v be w(g). What are the prime factors of 52/14 - (-2)/v?
2
Suppose -4*p - 2 = m - 5, -33 = -4*p + 5*m. Suppose -p*f + 7 = 3. List the prime factors of f.
2
Let d = 38 - 27. What are the prime factors of d?
11
Let m(z) = -2*z + 4. Let h be m(-8). Suppose -h = -5*t - 0*t. Suppose t = 2*k - 0*k. List the prime factors of k.
2
Let v(x) = 3*x**2 - 5*x - 3. Let q(l) = -8*l - 2 + 0 + 6*l + l**2 + 1. Let r(h) = -5*q(h) + 2*v(h). List the prime factors of r(-2).
3
Suppose 3*a + a + 32 = 0. Let k be a/6*6/(-4). Suppose -7*i + k*i = -55. What are the prime factors of i?
11
What are the prime factors of 155 - (2/4)/((-3)/6)?
2, 3, 13
Suppose 13 = 3*h + o, 2*h - 3 = h - o. Suppose -h*r + 53 = 3*a, 2*r + 0*r - 46 = 5*a. What are the prime factors of r?
13
Let i(f) = 2*f**2 - 6*f + 3. Suppose 4*n - 3*n = 4. What are the prime factors of i(n)?
11
Let w(q) = q**2 + 1. Let v be w(-4). Let i = v - -3. What are the prime factors of i?
2, 5
Suppose 0 = -0*z + 4*z - 248. What are the prime factors of z?
2, 31
Let v(j) = -j**3 - 3*j**2 + 4*j + 2. Let a be v(-4). Let m be 9/(-1 - a/4). List the prime factors of (-2)/(-6) + (-64)/m.
11
Suppose 2*n + 5*g = 6, 3*n + 14 = -4*g + 37. What are the prime factors of n?
13
Suppose 2*k - 58 = 126. List the prime factors of k.
2, 23
Let m(d) = -d**2 + 5*d + 6. Let w be m(5). Suppose n - w*n = -10. Let z = n - 0. What are the prime factors